{"id":4349,"date":"2023-02-03T10:44:37","date_gmt":"2023-02-03T10:44:37","guid":{"rendered":"https:\/\/amsports.pl\/?post_type=product&#038;p=4349"},"modified":"2025-06-09T17:07:50","modified_gmt":"2025-06-09T17:07:50","slug":"romet-wagant-4-2022-zielono-grafitowy","status":"publish","type":"product","link":"https:\/\/amsports.pl\/?product=romet-wagant-4-2022-zielono-grafitowy","title":{"rendered":"ROMET WAGANT 4  zielono &#8211; grafitowy"},"content":{"rendered":"<p>Rama Waganta o klasycznym kszta\u0142cie zosta\u0142a wykonana z lekkiego aluminium. Estetyki dodaje wewn\u0119trzne prowadzenie przewod\u00f3w, kt\u00f3re r\u00f3wnie\u017c dzi\u0119ki temu pos\u0142u\u017c\u0105 d\u0142u\u017cej.<\/p>\n<p>Wagant 4 to doskona\u0142y kompan na dw\u00f3ch k\u00f3\u0142kach. Kompletny i solidny. Poczucie komfortu gwarantuje widelec amortyzowany SR Suntour <span class=\"caps\">NEX<\/span> DS daj\u0105cy odpr\u0119\u017cenie ko\u0144czynom g\u00f3rnym w trudniejszym terenie. Amortyzowana sztyca b\u0119dzie zbawieniem na wyboistych odcinkach trasy i przy wielogodzinnych podr\u00f3\u017cach. W Wagancie 4 zastosowali\u015bmy sprawdzony w boju nap\u0119d Shimano Acera 3\u00d77, kt\u00f3ry cechuje trwa\u0142o\u015b\u0107 i szeroki zakres prze\u0142o\u017ce\u0144. Za bezpiecze\u0144stwo w czasie jazdy odpowiada zestaw mechanicznych hamulc\u00f3w tarczowych zdolny poradzi\u0107 sobie z zatrzymaniem doci\u0105\u017conego o sakwy i inne niezb\u0119dne akcesoria zestawu. Uzupe\u0142nieniem specyfikacji jest komplet b\u0142otnik\u00f3w i o\u015bwietlenia. Model na wyposa\u017ceniu ma jeszcze os\u0142on\u0119 nap\u0119du i stopk\u0119, kt\u00f3ra u\u0142atwi postoje i \u201cparkowanie\u201d w mie\u015bcie.<\/p>\n","protected":false},"excerpt":{"rendered":"<p>Romet Wagant to dwa rowery w jednym. U\u017cytkowy, kt\u00f3ry mo\u017ce pos\u0142u\u017cy\u0107 nam za sprz\u0119t do codziennych dojazd\u00f3w, jak i maszyna wyprawowa, kt\u00f3r\u0105 mo\u017cemy obudowa\u0107 w sakwy i inne d\u0142ugodystansowe akcesoria i ruszy\u0107 ku przygodzie.<\/p>\n","protected":false},"featured_media":4350,"comment_status":"open","ping_status":"closed","template":"","meta":{"inline_featured_image":false},"product_cat":[78],"product_tag":[],"_links":{"self":[{"href":"https:\/\/amsports.pl\/index.php?rest_route=\/wp\/v2\/product\/4349"}],"collection":[{"href":"https:\/\/amsports.pl\/index.php?rest_route=\/wp\/v2\/product"}],"about":[{"href":"https:\/\/amsports.pl\/index.php?rest_route=\/wp\/v2\/types\/product"}],"replies":[{"embeddable":true,"href":"https:\/\/amsports.pl\/index.php?rest_route=%2Fwp%2Fv2%2Fcomments&post=4349"}],"wp:featuredmedia":[{"embeddable":true,"href":"https:\/\/amsports.pl\/index.php?rest_route=\/wp\/v2\/media\/4350"}],"wp:attachment":[{"href":"https:\/\/amsports.pl\/index.php?rest_route=%2Fwp%2Fv2%2Fmedia&parent=4349"}],"wp:term":[{"taxonomy":"product_cat","embeddable":true,"href":"https:\/\/amsports.pl\/index.php?rest_route=%2Fwp%2Fv2%2Fproduct_cat&post=4349"},{"taxonomy":"product_tag","embeddable":true,"href":"https:\/\/amsports.pl\/index.php?rest_route=%2Fwp%2Fv2%2Fproduct_tag&post=4349"}],"curies":[{"name":"wp","href":"https:\/\/api.w.org\/{rel}","templated":true}]}}