{"id":4363,"date":"2023-02-03T16:26:13","date_gmt":"2023-02-03T16:26:13","guid":{"rendered":"https:\/\/amsports.pl\/?post_type=product&#038;p=4363"},"modified":"2024-11-19T10:39:18","modified_gmt":"2024-11-19T10:39:18","slug":"romet-gazela-6-bordowo-rozowy","status":"publish","type":"product","link":"https:\/\/amsports.pl\/?product=romet-gazela-6-bordowo-rozowy","title":{"rendered":"ROMET GAZELA 6  br\u0105zowo &#8211; czarna"},"content":{"rendered":"<p>Gazela 6 zosta\u0142a od podstaw zaprojektowana z my\u015bl\u0105 o kobietach. Aluminiowa konstrukcja posiada mocno schodz\u0105c\u0105 w d\u00f3\u0142 g\u00f3rn\u0105 rur\u0119, co ma bezpo\u015brednie prze\u0142o\u017cenie na komfort jazdy.<\/p>\n<p>Romet Gazela 6 to bardzo uniwersalny i bardzo dobrze wyposa\u017cony model. Seryjna specyfikacja zawiera elementy, u\u0142atwiaj\u0105ce dalsze podr\u00f3\u017ce oraz codzienn\u0105 eksploatacj\u0119. Os\u0142ona nap\u0119du wraz z b\u0142otnikami sprawi\u0105, \u017ce jesienna czy zimowa aura nie b\u0119d\u0105 przeszkod\u0105 w je\u017adzie, a solidny baga\u017cnik pozwoli zabra\u0107 najpotrzebniejsze przedmioty ze sob\u0105. O wygod\u0119 korzystania dba r\u00f3wnie\u017c regulowany wspornik kierownicy, dzi\u0119ki kt\u00f3remu w prosty spos\u00f3b mo\u017cna ustawi\u0107 odpowiedni\u0105 pozycj\u0119. Przedni amortyzator jest ju\u017c dawno standardem w tej klasie roweru, dlatego za t\u0142umienie nier\u00f3wno\u015bci na trasie dba sprawdzony Suntour o ugi\u0119ciu 63 mm. Gazela swoim u\u017cytkowniczkom oferuje 24 prze\u0142o\u017cenia, kt\u00f3rych obs\u0142uga jest prosta za spraw\u0105 nap\u0119du Shimano w uk\u0142adzie 3\u00d78. Model wyposa\u017cony zosta\u0142 w hamulce tarczowe, kt\u00f3re dzia\u0142aj\u0105 niezale\u017cnie od pogody, i kt\u00f3re sprawdz\u0105 si\u0119 szczeg\u00f3lnie kiedy b\u0119dziemy jecha\u0107 z baga\u017cem. Gazela 6 jest dost\u0119pna w dw\u00f3ch wariantach kolorystycznych i dw\u00f3ch rozmiarach ramy.<\/p>\n","protected":false},"excerpt":{"rendered":"<p>To rower, na 28 calowych ko\u0142ach, kt\u00f3rego najwi\u0119ksz\u0105 zalet\u0105 jest jego u\u017cytkowo\u015b\u0107. Trekkingowy model przeznaczony dla kobiet, kt\u00f3ry z powodzeniem opr\u00f3cz dalekich podr\u00f3\u017cy mo\u017ce by\u0107 wykorzystywany przy codziennym przemieszczaniu si\u0119 po zat\u0142oczonym mie\u015bcie.<\/p>\n","protected":false},"featured_media":5814,"comment_status":"open","ping_status":"closed","template":"","meta":{"inline_featured_image":false},"product_cat":[78],"product_tag":[],"_links":{"self":[{"href":"https:\/\/amsports.pl\/index.php?rest_route=\/wp\/v2\/product\/4363"}],"collection":[{"href":"https:\/\/amsports.pl\/index.php?rest_route=\/wp\/v2\/product"}],"about":[{"href":"https:\/\/amsports.pl\/index.php?rest_route=\/wp\/v2\/types\/product"}],"replies":[{"embeddable":true,"href":"https:\/\/amsports.pl\/index.php?rest_route=%2Fwp%2Fv2%2Fcomments&post=4363"}],"wp:featuredmedia":[{"embeddable":true,"href":"https:\/\/amsports.pl\/index.php?rest_route=\/wp\/v2\/media\/5814"}],"wp:attachment":[{"href":"https:\/\/amsports.pl\/index.php?rest_route=%2Fwp%2Fv2%2Fmedia&parent=4363"}],"wp:term":[{"taxonomy":"product_cat","embeddable":true,"href":"https:\/\/amsports.pl\/index.php?rest_route=%2Fwp%2Fv2%2Fproduct_cat&post=4363"},{"taxonomy":"product_tag","embeddable":true,"href":"https:\/\/amsports.pl\/index.php?rest_route=%2Fwp%2Fv2%2Fproduct_tag&post=4363"}],"curies":[{"name":"wp","href":"https:\/\/api.w.org\/{rel}","templated":true}]}}