{"id":4446,"date":"2023-02-06T17:50:30","date_gmt":"2023-02-06T17:50:30","guid":{"rendered":"https:\/\/amsports.pl\/?post_type=product&#038;p=4446"},"modified":"2025-06-09T15:42:55","modified_gmt":"2025-06-09T15:42:55","slug":"giant-tempt-2ge-29-ocean-wave","status":"publish","type":"product","link":"https:\/\/amsports.pl\/?product=giant-tempt-2ge-29-ocean-wave","title":{"rendered":"GIANT TEMPT 2  29  black"},"content":{"rendered":"<p>Zapieraj\u0105ce dech w piersi szlaki terenowe maj\u0105 nieodparty urok i mo\u017cesz czu\u0107 pokus\u0119, aby spr\u00f3bowa\u0107 jazdy g\u00f3rskiej. Tempt to rower, kt\u00f3ry mo\u017ce urzeczywistni\u0107 te wyzwania i pchn\u0105\u0107 Ci\u0119 na drog\u0119 przygody. Daj\u0105cy pewno\u015b\u0107 siebie Tempt zosta\u0142 stworzony, aby zjecha\u0107 na nim z drogi prosto we wspania\u0142y \u015bwiat sportowej jazdy terenowej. Ten hardtail ma niski przekrok, aby da\u0107 pewno\u015b\u0107 nowym rowerzystkom i u\u0142atwi\u0107 manewrowanie po terenowych szlakach. Gotowy, aby odegra\u0107 wiele r\u00f3l \u2013 Tempt mo\u017ce by\u0107 Twoim rowerem do szko\u0142y, towarzyszem na szlaku trailowym albo pierwszym rowerem do wy\u015bcig\u00f3w terenowych.<br \/>\nDoskona\u0142y jako pierwszy rower g\u00f3rski, z lekk\u0105 i mocn\u0105 ram\u0105 z aluminium ALUXX o szerokich mo\u017cliwo\u015bciach.<br \/>\nEfektywna, a jednocze\u015bnie komfortowa geometria r\u00f3wnie dobrze sprawdza si\u0119 podczas codziennych dojazd\u00f3w, jak i w terenie.<br \/>\nAmortyzowany widelec daje komfort, kontrol\u0119 i stabilno\u015b\u0107 na nier\u00f3wnym terenie. Widelec wyst\u0119puje ze skokiem 80mm lub 100mm, w zale\u017cno\u015bci od rozmiaru ramy.<\/p>\n","protected":false},"excerpt":{"rendered":"<p>Wyjed\u017a w teren i pojed\u017a pierwszy raz na singletrack. Tempt jest przyjacielem, kt\u00f3ry otwiera przed Tob\u0105 \u015bwiat zupe\u0142nie nowych mo\u017cliwo\u015bci.<\/p>\n","protected":false},"featured_media":5762,"comment_status":"open","ping_status":"closed","template":"","meta":{"inline_featured_image":false},"product_cat":[75],"product_tag":[],"_links":{"self":[{"href":"https:\/\/amsports.pl\/index.php?rest_route=\/wp\/v2\/product\/4446"}],"collection":[{"href":"https:\/\/amsports.pl\/index.php?rest_route=\/wp\/v2\/product"}],"about":[{"href":"https:\/\/amsports.pl\/index.php?rest_route=\/wp\/v2\/types\/product"}],"replies":[{"embeddable":true,"href":"https:\/\/amsports.pl\/index.php?rest_route=%2Fwp%2Fv2%2Fcomments&post=4446"}],"wp:featuredmedia":[{"embeddable":true,"href":"https:\/\/amsports.pl\/index.php?rest_route=\/wp\/v2\/media\/5762"}],"wp:attachment":[{"href":"https:\/\/amsports.pl\/index.php?rest_route=%2Fwp%2Fv2%2Fmedia&parent=4446"}],"wp:term":[{"taxonomy":"product_cat","embeddable":true,"href":"https:\/\/amsports.pl\/index.php?rest_route=%2Fwp%2Fv2%2Fproduct_cat&post=4446"},{"taxonomy":"product_tag","embeddable":true,"href":"https:\/\/amsports.pl\/index.php?rest_route=%2Fwp%2Fv2%2Fproduct_tag&post=4446"}],"curies":[{"name":"wp","href":"https:\/\/api.w.org\/{rel}","templated":true}]}}