{"id":4641,"date":"2023-02-10T12:28:58","date_gmt":"2023-02-10T12:28:58","guid":{"rendered":"https:\/\/amsports.pl\/?post_type=product&#038;p=4641"},"modified":"2026-02-11T12:36:27","modified_gmt":"2026-02-11T12:36:27","slug":"specialized-chamonix-gloss-tropical-teal","status":"publish","type":"product","link":"https:\/\/amsports.pl\/?product=specialized-chamonix-gloss-tropical-teal","title":{"rendered":"SPECIALIZED CHAMONIX 3 grey blue"},"content":{"rendered":"<p>Kask Chamonix zaprojektowali\u015bmy specjalnie dla rowerzyst\u00f3w, kt\u00f3rzy szukaj\u0105 frajdy podczas ka\u017cdej jazdy. Jest wyposa\u017cony w technologi\u0119 Mips i odczepiany daszek, ma elegancki wygl\u0105d, a do tego zdoby\u0142 najwy\u017csz\u0105 5-gwiazdkow\u0105 ocen\u0119 w rankingu kask\u00f3w Virginia Tech\u00ae, co sprawia, \u017ce b\u0119dziesz w nim dobrze wygl\u0105da\u0107 i \u015bwietnie si\u0119 czu\u0107. Chamonix zapewnia najwy\u017cszy komfort, wydajn\u0105 wentylacj\u0119 i konstrukcj\u0119 inspirowan\u0105 S-Works, a przy tym nie obci\u0105\u017ca portfela.<\/p>\n<p>Wentylacja System ch\u0142odzenia brwi 4D zosta\u0142 zaczerpni\u0119ty bezpo\u015brednio z naszych najwy\u017cszej klasy kask\u00f3w S-Works Evade 3 i S-Works Prevail 3. Zapewnia on szczelin\u0119 mi\u0119dzy kaskiem a czo\u0142em, kt\u00f3ra zasysa ch\u0142odne powietrze do wewn\u0119trznych kana\u0142\u00f3w i sprawia, \u017ce czujesz powietrze przep\u0142ywaj\u0105ce przez kask nawet przy ni\u017cszych pr\u0119dko\u015bciach, gwarantuj\u0105c poczucie ch\u0142odu nawet w ciep\u0142e dni.<\/p>\n<p>Dopasowanie Daszek przydaje si\u0119 w wyj\u0105tkowo s\u0142oneczne dni, ale je\u015bli za nim nie przepadasz, mo\u017cesz go \u0142atwo odczepi\u0107, by osi\u0105gn\u0105\u0107 po\u017c\u0105dany wygl\u0105d.<\/p>\n<p>Mips Chamonix jest wyposa\u017cony w Mips Essential Core \u2014 warstw\u0119 o niskim wsp\u00f3\u0142czynniku tarcia, kt\u00f3ra umo\u017cliwia ruch \u015blizgowy od 10 do 15 mm we wszystkich kierunkach. Badania wskazuj\u0105, \u017ce zmniejsza to niekt\u00f3re si\u0142y rotacyjne przenoszone na m\u00f3zg podczas uderze\u0144 pod k\u0105tem.<\/p>\n<p>5 gwiazdek w rankingu kask\u00f3w Virginia Tech\u00ae Kask Chamonix uzyska\u0142 najwy\u017csz\u0105 5-gwiazdkow\u0105 ocen\u0119 w rankingu kask\u00f3w Virginia Tech\u00ae organizowanym przez presti\u017cow\u0105 uczelni\u0119 Virginia Polytechnic Institute and State University.<\/p>\n","protected":false},"excerpt":{"rendered":"<p>Przedstawiamy ca\u0142kowicie nowy kask Chamonix 3 \u2014 idealny wyb\u00f3r na codzienn\u0105 jazd\u0119 po szosie. Chamonix to najlepszy wyb\u00f3r do jazdy po szosie, szutrze lub do dojazd\u00f3w do pracy, poniewa\u017c jest wyposa\u017cony w elementy konstrukcyjne zaczerpni\u0119te z naszych kask\u00f3w S-Works, a przy tym gwarantuje wysok\u0105 wydajno\u015b\u0107, komfort i wentylacj\u0119.<\/p>\n","protected":false},"featured_media":6053,"comment_status":"open","ping_status":"closed","template":"","meta":{"inline_featured_image":false},"product_cat":[117,118],"product_tag":[],"_links":{"self":[{"href":"https:\/\/amsports.pl\/index.php?rest_route=\/wp\/v2\/product\/4641"}],"collection":[{"href":"https:\/\/amsports.pl\/index.php?rest_route=\/wp\/v2\/product"}],"about":[{"href":"https:\/\/amsports.pl\/index.php?rest_route=\/wp\/v2\/types\/product"}],"replies":[{"embeddable":true,"href":"https:\/\/amsports.pl\/index.php?rest_route=%2Fwp%2Fv2%2Fcomments&post=4641"}],"wp:featuredmedia":[{"embeddable":true,"href":"https:\/\/amsports.pl\/index.php?rest_route=\/wp\/v2\/media\/6053"}],"wp:attachment":[{"href":"https:\/\/amsports.pl\/index.php?rest_route=%2Fwp%2Fv2%2Fmedia&parent=4641"}],"wp:term":[{"taxonomy":"product_cat","embeddable":true,"href":"https:\/\/amsports.pl\/index.php?rest_route=%2Fwp%2Fv2%2Fproduct_cat&post=4641"},{"taxonomy":"product_tag","embeddable":true,"href":"https:\/\/amsports.pl\/index.php?rest_route=%2Fwp%2Fv2%2Fproduct_tag&post=4641"}],"curies":[{"name":"wp","href":"https:\/\/api.w.org\/{rel}","templated":true}]}}