{"id":4825,"date":"2023-02-15T10:48:29","date_gmt":"2023-02-15T10:48:29","guid":{"rendered":"https:\/\/amsports.pl\/?post_type=product&#038;p=4825"},"modified":"2026-02-17T11:15:36","modified_gmt":"2026-02-17T11:15:36","slug":"romet-e-rambler-e9-0-mokka-turkus","status":"publish","type":"product","link":"https:\/\/amsports.pl\/?product=romet-e-rambler-e9-0-mokka-turkus","title":{"rendered":"MARIN NICASIO 2   zielony"},"content":{"rendered":"<p>Nasz topowy model Nicasio, Marin Nicasio 2, ma podw\u00f3jnie cieniowan\u0105 ram\u0119 CrMo Steezy R i widelec z w\u0142\u00f3kna w\u0119glowego. Jest te\u017c nap\u0119d Shimano GRX RX400 2&#215;10 bieg\u00f3w, mocne hamulce hydrauliczne Shimano i szybkie, przyczepne opony Vee w rozmiarze 700&#215;45. W przeciwie\u0144stwie do innych rower\u00f3w z rodziny Nicasio, model 2 jest wyposa\u017cony w sztywne i wytrzyma\u0142e haki przelotowe 12 mm z kompatybilno\u015bci\u0105 z UDH.<\/p>\n","protected":false},"excerpt":{"rendered":"<p>Klasyczna stal, nowoczesny design. Marin Nicasio to rower do pokonywania kilometr\u00f3w, codziennych dojazd\u00f3w do pracy, w pe\u0142ni za\u0142adowanego plecaka rowerowego i odkrywcy szlifuj\u0105cego \u017cwir. Stworzony z my\u015bl\u0105 o zabawie na szosie i poza ni\u0105.<\/p>\n","protected":false},"featured_media":6129,"comment_status":"open","ping_status":"closed","template":"","meta":{"inline_featured_image":false},"product_cat":[76],"product_tag":[],"_links":{"self":[{"href":"https:\/\/amsports.pl\/index.php?rest_route=\/wp\/v2\/product\/4825"}],"collection":[{"href":"https:\/\/amsports.pl\/index.php?rest_route=\/wp\/v2\/product"}],"about":[{"href":"https:\/\/amsports.pl\/index.php?rest_route=\/wp\/v2\/types\/product"}],"replies":[{"embeddable":true,"href":"https:\/\/amsports.pl\/index.php?rest_route=%2Fwp%2Fv2%2Fcomments&post=4825"}],"wp:featuredmedia":[{"embeddable":true,"href":"https:\/\/amsports.pl\/index.php?rest_route=\/wp\/v2\/media\/6129"}],"wp:attachment":[{"href":"https:\/\/amsports.pl\/index.php?rest_route=%2Fwp%2Fv2%2Fmedia&parent=4825"}],"wp:term":[{"taxonomy":"product_cat","embeddable":true,"href":"https:\/\/amsports.pl\/index.php?rest_route=%2Fwp%2Fv2%2Fproduct_cat&post=4825"},{"taxonomy":"product_tag","embeddable":true,"href":"https:\/\/amsports.pl\/index.php?rest_route=%2Fwp%2Fv2%2Fproduct_tag&post=4825"}],"curies":[{"name":"wp","href":"https:\/\/api.w.org\/{rel}","templated":true}]}}