{"id":5572,"date":"2023-08-25T15:39:40","date_gmt":"2023-08-25T15:39:40","guid":{"rendered":"https:\/\/amsports.pl\/?post_type=product&#038;p=5572"},"modified":"2024-05-23T16:32:01","modified_gmt":"2024-05-23T16:32:01","slug":"specialized-turbo-tero-3-0-oak-green-metallic-smoke","status":"publish","type":"product","link":"https:\/\/amsports.pl\/?product=specialized-turbo-tero-3-0-oak-green-metallic-smoke","title":{"rendered":"SPECIALIZED TURBO TERO 3.0   oak green metallic \/ smoke"},"content":{"rendered":"<p>Tero \u0142\u0105czy mo\u017cliwo\u015bci z DNA mistrza \u015bwiata w rowerach g\u00f3rskich i wiod\u0105cym w tej kategorii elektrycznym wspomaganiem. Mocne strony Tero to po\u0142\u0105czenie mocy, pewno\u015bci siebie i wszechstronno\u015bci. Opracowane wsp\u00f3lnie atrybuty daj\u0105 w efekcie mocny i wydajny rower, kt\u00f3ry daje rado\u015b\u0107 z jazdy wsz\u0119dzie, od miejskich ulic po traile.<\/p>\n<p>Silnik Turbo Full Power 2.0E i akumulator 530 Wh \u2013 Zintegrowane z aluminiow\u0105 ram\u0105 Tero 3.0, zwi\u0119kszaj\u0105 czterokrotnie Twoj\u0105 moc, dostarczaj\u0105c j\u0105, aby szybko poradzi\u0107 sobie z najbardziej stromymi podjazdami i zapewniaj\u0105c wystarczaj\u0105c\u0105 ilo\u015b\u0107 dodatkowej si\u0142y, aby umo\u017cliwi\u0107 Tobie transport artyku\u0142\u00f3w spo\u017cywczych, dzieci i marze\u0144 bez wylewania wiader potu. To ty, tylko szybszy. To, co naprawd\u0119 odr\u00f3\u017cnia ten silnik od reszty, to to, jak wydajnie i bezproblemowo \u0142\u0105czy si\u0119 z Tob\u0105.<\/p>\n<p>Mission Control i MasterMind \u2014 Mission Control pozwala dostosowa\u0107 poziomy mocy Tero do po\u017c\u0105danych preferencji \u2014 wszystkie trzy standardowe tryby mocy mo\u017cna niemal bezogranicze\u0144 regulowa\u0107, aby dopasowa\u0107 je do potrzeb w zakresie mocy i zasi\u0119gu. Funkcja MicroTune firmy MasterMind mo\u017ce regulowa\u0107 poziomy mocy w krokach co 10%, dzi\u0119ki czemu mo\u017cna dostosowa\u0107 zakres do w\u0142asnych potrzeb.<\/p>\n<p>DNA roweru g\u00f3rskiego &#8211; komponenty Tero s\u0105 dostosowane do zwi\u0119kszania kontroli i pewno\u015bci siebie. Agresywne, ale g\u0142adko tocz\u0105ce si\u0119 29-calowe ko\u0142a z 2,3-calowymi oponami Ground Control zapewniaj\u0105 wystarczaj\u0105c\u0105 trakcj\u0119 w ka\u017cdej sytuacji, hamulce tarczowe SRAM zapewniaj\u0105 mocne hamowanie, a 110 mm skoku przedniego zawieszenia wyg\u0142adza szlak.<\/p>\n<p>Blokada systemu Turbo \u2014 u\u017cyj aplikacji Mission Control, aby wy\u0142\u0105czy\u0107 silnik w rowerze i aktywowa\u0107 alarm czujnika ruchu. Po zablokowaniu silnik nie mo\u017ce by\u0107 ponownie w\u0142\u0105czony, chyba \u017ce przez w\u0142a\u015bciciela.<\/p>\n","protected":false},"excerpt":{"rendered":"<p>Nowy Turbo Tero to elektryczny rower g\u00f3rski przystosowany do codziennej jazdy. Rower g\u00f3rski, na kt\u00f3rym mo\u017cesz doje\u017cd\u017ca\u0107. Osoba doje\u017cd\u017caj\u0105ca do pracy, kt\u00f3ra mo\u017ce zwiedza\u0107. Rower turystyczny, kt\u00f3rym mo\u017cna przewozi\u0107 \u0142adunek. Niezale\u017cnie od tego, czego potrzebujesz, dok\u0105dkolwiek chcesz si\u0119 uda\u0107. Prawdziwy superbohater do wszystkiego.<\/p>\n","protected":false},"featured_media":5573,"comment_status":"open","ping_status":"closed","template":"","meta":{"inline_featured_image":false},"product_cat":[83,75,78],"product_tag":[],"_links":{"self":[{"href":"https:\/\/amsports.pl\/index.php?rest_route=\/wp\/v2\/product\/5572"}],"collection":[{"href":"https:\/\/amsports.pl\/index.php?rest_route=\/wp\/v2\/product"}],"about":[{"href":"https:\/\/amsports.pl\/index.php?rest_route=\/wp\/v2\/types\/product"}],"replies":[{"embeddable":true,"href":"https:\/\/amsports.pl\/index.php?rest_route=%2Fwp%2Fv2%2Fcomments&post=5572"}],"wp:featuredmedia":[{"embeddable":true,"href":"https:\/\/amsports.pl\/index.php?rest_route=\/wp\/v2\/media\/5573"}],"wp:attachment":[{"href":"https:\/\/amsports.pl\/index.php?rest_route=%2Fwp%2Fv2%2Fmedia&parent=5572"}],"wp:term":[{"taxonomy":"product_cat","embeddable":true,"href":"https:\/\/amsports.pl\/index.php?rest_route=%2Fwp%2Fv2%2Fproduct_cat&post=5572"},{"taxonomy":"product_tag","embeddable":true,"href":"https:\/\/amsports.pl\/index.php?rest_route=%2Fwp%2Fv2%2Fproduct_tag&post=5572"}],"curies":[{"name":"wp","href":"https:\/\/api.w.org\/{rel}","templated":true}]}}