{"id":5667,"date":"2024-02-19T13:30:37","date_gmt":"2024-02-19T13:30:37","guid":{"rendered":"https:\/\/amsports.pl\/?post_type=product&#038;p=5667"},"modified":"2024-05-23T15:36:41","modified_gmt":"2024-05-23T15:36:41","slug":"romet-gazela-1-granatowo-srebrna","status":"publish","type":"product","link":"https:\/\/amsports.pl\/?product=romet-gazela-1-granatowo-srebrna","title":{"rendered":"ROMET GAZELA 1  granatowo &#8211; srebrna"},"content":{"rendered":"<p>Gazela zbudowana zosta\u0142a na specjalnie zaprojektowanej ramie dla kobiet. To lekka konstrukcja, kt\u00f3ra jest odporna na uszkodzenia mechaniczne. Lekki przekrok konstrukcji zdecydowanie podnosi komfort jazdy.<\/p>\n<p>To kompletny damski rower trekkingowy, wyposa\u017cony we wszystko co niezb\u0119dne. Posiada on p\u0142ynnie pracuj\u0105cy amortyzator przedni, kt\u00f3ry sprawdzi si\u0119 zw\u0142aszcza tam gdzie ko\u0144czy si\u0119 g\u0142adki asfalt. Model wyposa\u017cono w sprawdzony nap\u0119d Shimano, kt\u00f3ry dysponuje a\u017c 21 prze\u0142o\u017ceniami dzia\u0142aj\u0105cymi w spos\u00f3b szybki i p\u0142ynny. W Gazeli postawili\u015bmy na solidne hamulce typu V-break w pe\u0142ni wystarczaj\u0105ce do roweru o tym przeznaczeniu. Rower toczy si\u0119 p\u0142ynnie na 28 calowych ko\u0142ach, a wygodne siode\u0142ko pozwala na wygodn\u0105 i rekreacyjn\u0105 jazd\u0119. W Gazeli postawili\u015bmy na bogate wyposa\u017cenie seryjne takie jak cho\u0107by: baga\u017cnik tylny, komplet b\u0142otnik\u00f3w czy o\u015bwietlenia. Romet Gazela 1 dost\u0119pny jest dw\u00f3ch opcjach kolorystycznych i dw\u00f3ch rozmiarach ramy<\/p>\n","protected":false},"excerpt":{"rendered":"<p>Romet Gazela to dwa rowery w jednym. U\u017cytkowy, kt\u00f3ry mo\u017ce pos\u0142u\u017cy\u0107 nam za sprz\u0119t do codziennych dojazd\u00f3w, jak i maszyna wyprawowa, kt\u00f3r\u0105 mo\u017cemy obudowa\u0107 w sakwy i inne d\u0142ugodystansowe akcesoria i ruszy\u0107 ku przygodzie.<\/p>\n","protected":false},"featured_media":5668,"comment_status":"open","ping_status":"closed","template":"","meta":{"inline_featured_image":false},"product_cat":[78],"product_tag":[],"_links":{"self":[{"href":"https:\/\/amsports.pl\/index.php?rest_route=\/wp\/v2\/product\/5667"}],"collection":[{"href":"https:\/\/amsports.pl\/index.php?rest_route=\/wp\/v2\/product"}],"about":[{"href":"https:\/\/amsports.pl\/index.php?rest_route=\/wp\/v2\/types\/product"}],"replies":[{"embeddable":true,"href":"https:\/\/amsports.pl\/index.php?rest_route=%2Fwp%2Fv2%2Fcomments&post=5667"}],"wp:featuredmedia":[{"embeddable":true,"href":"https:\/\/amsports.pl\/index.php?rest_route=\/wp\/v2\/media\/5668"}],"wp:attachment":[{"href":"https:\/\/amsports.pl\/index.php?rest_route=%2Fwp%2Fv2%2Fmedia&parent=5667"}],"wp:term":[{"taxonomy":"product_cat","embeddable":true,"href":"https:\/\/amsports.pl\/index.php?rest_route=%2Fwp%2Fv2%2Fproduct_cat&post=5667"},{"taxonomy":"product_tag","embeddable":true,"href":"https:\/\/amsports.pl\/index.php?rest_route=%2Fwp%2Fv2%2Fproduct_tag&post=5667"}],"curies":[{"name":"wp","href":"https:\/\/api.w.org\/{rel}","templated":true}]}}