{"id":5697,"date":"2024-02-19T16:29:56","date_gmt":"2024-02-19T16:29:56","guid":{"rendered":"https:\/\/amsports.pl\/?post_type=product&#038;p=5697"},"modified":"2025-06-09T15:15:55","modified_gmt":"2025-06-09T15:15:55","slug":"stevens-tonga-purple-papaya","status":"publish","type":"product","link":"https:\/\/amsports.pl\/?product=stevens-tonga-purple-papaya","title":{"rendered":"GIANT LIV TEMPT 2  dried chili"},"content":{"rendered":"<div class=\"col-md-4\">\n<div class=\"content\">Doskona\u0142y jako pierwszy rower g\u00f3rski, z lekk\u0105 i mocn\u0105 ram\u0105 z aluminium ALUXX o szerokich mo\u017cliwo\u015bciach.<\/div>\n<\/div>\n<div class=\"col-md-4\">\n<div class=\"content\">Efektywna, a jednocze\u015bnie komfortowa geometria r\u00f3wnie dobrze sprawdza si\u0119 podczas codziennych dojazd\u00f3w, jak i w terenie.<\/div>\n<\/div>\n<div class=\"col-md-4\">\n<div class=\"content\">Amortyzowany widelec daje komfort, kontrol\u0119 i stabilno\u015b\u0107 na nier\u00f3wnym terenie. Widelec wyst\u0119puje ze skokiem 80 mm lub 100 mm, w zale\u017cno\u015bci od rozmiaru ramy.<\/div>\n<\/div>\n","protected":false},"excerpt":{"rendered":"<h4 class=\"headline\">Wyjed\u017a w teren i pojed\u017a pierwszy raz na singletrack. Tempt jest przyjacielem, kt\u00f3ry otwiera przed tob\u0105 \u015bwiat zupe\u0142nie nowych mo\u017cliwo\u015bci.<\/h4>\n<p>&nbsp;<\/p>\n<h4><\/h4>\n","protected":false},"featured_media":5789,"comment_status":"open","ping_status":"closed","template":"","meta":{"inline_featured_image":false},"product_cat":[75],"product_tag":[],"_links":{"self":[{"href":"https:\/\/amsports.pl\/index.php?rest_route=\/wp\/v2\/product\/5697"}],"collection":[{"href":"https:\/\/amsports.pl\/index.php?rest_route=\/wp\/v2\/product"}],"about":[{"href":"https:\/\/amsports.pl\/index.php?rest_route=\/wp\/v2\/types\/product"}],"replies":[{"embeddable":true,"href":"https:\/\/amsports.pl\/index.php?rest_route=%2Fwp%2Fv2%2Fcomments&post=5697"}],"wp:featuredmedia":[{"embeddable":true,"href":"https:\/\/amsports.pl\/index.php?rest_route=\/wp\/v2\/media\/5789"}],"wp:attachment":[{"href":"https:\/\/amsports.pl\/index.php?rest_route=%2Fwp%2Fv2%2Fmedia&parent=5697"}],"wp:term":[{"taxonomy":"product_cat","embeddable":true,"href":"https:\/\/amsports.pl\/index.php?rest_route=%2Fwp%2Fv2%2Fproduct_cat&post=5697"},{"taxonomy":"product_tag","embeddable":true,"href":"https:\/\/amsports.pl\/index.php?rest_route=%2Fwp%2Fv2%2Fproduct_tag&post=5697"}],"curies":[{"name":"wp","href":"https:\/\/api.w.org\/{rel}","templated":true}]}}