{"id":5845,"date":"2025-02-04T17:32:53","date_gmt":"2025-02-04T17:32:53","guid":{"rendered":"https:\/\/amsports.pl\/?post_type=product&#038;p=5845"},"modified":"2025-02-04T17:35:42","modified_gmt":"2025-02-04T17:35:42","slug":"vici-bike-12-3in1-rozowy","status":"publish","type":"product","link":"https:\/\/amsports.pl\/?product=vici-bike-12-3in1-rozowy","title":{"rendered":"VICI BIKE 12  3in1  r\u00f3\u017cowy"},"content":{"rendered":"<p>Wychodz\u0105c z za\u0142o\u017cenia, \u017ce dzieci najszybciej ucz\u0105 si\u0119 w znanym sobie otoczeniu, projektanci marki VICI opracowali unikatow\u0105, przyjazn\u0105 maluchom <strong>konstrukcj\u0119 3w1<\/strong>. Produkt mo\u017ce pe\u0142ni\u0107 funkcj\u0119 bieg\u00f3wki dla malucha (1,5-2,5 lat), rowerka biegowego dla starszaka (2-3 lata) i klasycznego roweru z peda\u0142ami (4-5 lat). Nowe umiej\u0119tno\u015bci przyswaja wi\u0119c na znanym sobie poje\u017adzie wyposa\u017conym w te same ko\u0142a, siode\u0142ko, kierownic\u0119 i ram\u0119.<\/p>\n<p>Maluchy korzystaj\u0105 z modelu o<strong>\u00a0niskim balansie\u00a0<\/strong>i je\u017cd\u017c\u0105 w typowo siedz\u0105cej pozycji z wyprostowanym kr\u0119gos\u0142upem i zgi\u0119tymi ko\u0144czynami. Starsze dzieci poruszaj\u0105 si\u0119 lekko pochylone z wyprostowanymi r\u0119kami. Transformacja VICI Bike jest naprawd\u0119 prosta \u2014 bez problemu wykona j\u0105 ka\u017cda doros\u0142a osoba przy pomocy podstawowych narz\u0119dzi.<\/p>\n<p>Rama tego modelu wykonana zosta\u0142a z dobrej jako\u015bci stopu <strong>aluminium<\/strong>, dzi\u0119ki czemu ca\u0142a konstrukcja jest naprawd\u0119 lekka. W wersji dla maluch\u00f3w wa\u017cy zaledwie<strong>\u00a04,5 kg<\/strong>, w wariancie z peda\u0142ami <strong>6,2 kg.<\/strong> Solidny stop to tak\u017ce gwarancja du\u017cej wytrzyma\u0142o\u015bci, co jest szczeg\u00f3lnie istotne dla rodzic\u00f3w \u017cywio\u0142owych dzieci.<\/p>\n","protected":false},"excerpt":{"rendered":"<p>VICI BIKE to pierwszy na rynku rowerek dzieci\u0119cy, kt\u00f3rego konstrukcj\u0119 mo\u017cemy dostosowa\u0107 do wieku. Unikatowa budowa 3w1 sprawia, \u017ce model ten b\u0119dzie dobrym wyborem zar\u00f3wno dla 1,5-rocznego malucha, jak i 5-latka.<\/p>\n<p>&nbsp;<\/p>\n<p>&nbsp;<\/p>\n","protected":false},"featured_media":5846,"comment_status":"open","ping_status":"closed","template":"","meta":{"inline_featured_image":false},"product_cat":[81],"product_tag":[],"_links":{"self":[{"href":"https:\/\/amsports.pl\/index.php?rest_route=\/wp\/v2\/product\/5845"}],"collection":[{"href":"https:\/\/amsports.pl\/index.php?rest_route=\/wp\/v2\/product"}],"about":[{"href":"https:\/\/amsports.pl\/index.php?rest_route=\/wp\/v2\/types\/product"}],"replies":[{"embeddable":true,"href":"https:\/\/amsports.pl\/index.php?rest_route=%2Fwp%2Fv2%2Fcomments&post=5845"}],"wp:featuredmedia":[{"embeddable":true,"href":"https:\/\/amsports.pl\/index.php?rest_route=\/wp\/v2\/media\/5846"}],"wp:attachment":[{"href":"https:\/\/amsports.pl\/index.php?rest_route=%2Fwp%2Fv2%2Fmedia&parent=5845"}],"wp:term":[{"taxonomy":"product_cat","embeddable":true,"href":"https:\/\/amsports.pl\/index.php?rest_route=%2Fwp%2Fv2%2Fproduct_cat&post=5845"},{"taxonomy":"product_tag","embeddable":true,"href":"https:\/\/amsports.pl\/index.php?rest_route=%2Fwp%2Fv2%2Fproduct_tag&post=5845"}],"curies":[{"name":"wp","href":"https:\/\/api.w.org\/{rel}","templated":true}]}}