{"id":6013,"date":"2025-09-15T15:37:47","date_gmt":"2025-09-15T15:37:47","guid":{"rendered":"https:\/\/amsports.pl\/?post_type=product&#038;p=6013"},"modified":"2025-09-15T15:45:29","modified_gmt":"2025-09-15T15:45:29","slug":"specialized-diverge-4-comp-alloy-gloss-mauve-metallic","status":"publish","type":"product","link":"https:\/\/amsports.pl\/?product=specialized-diverge-4-comp-alloy-gloss-mauve-metallic","title":{"rendered":"SPECIALIZED DIVERGE 4 COMP ALLOY  gloss mauve metallic"},"content":{"rendered":"<p>Diverge 4 to pierwszy rower z aluminium z wbudowanym miejscem na przechowywanie ekwipunku.<\/p>\n<p>Diverge 4 umo\u017cliwia za\u0142o\u017cenie opon do 50 mm (700c), co zapewnia \u015bwietn\u0105 przyczepno\u015b\u0107, mniej przebi\u0107 i komfort na najwy\u017cszym poziomie. Ta nowa norma prze\u015bwitu, opracowana przy udziale Factory Off-Road Team, idealnie pasuje do szybkiego \u015bcigania i trudnych wypraw.<\/p>\n<p>Futur Shock 3.0<\/p>\n<p>Sprawdzony: o 53% p\u0142ynniejszy i 11 W szybszy<\/p>\n","protected":false},"excerpt":{"rendered":"<p><span class=\"HwtZe\" lang=\"pl\">Przystosowany do \u015bcigania. Zatwierdzony na przygody. Rower gravelowy Diverge 4 E5 Alloy powsta\u0142 z my\u015bl\u0105 o wy\u015bcigach na pe\u0142nym gazie i wyprawach po bezdro\u017cach. Future Shock 3.1, nasza najzwinniejsza rama w historii, ogromny prze\u015bwit na opony i najwi\u0119kszy schowek w gravelach\u2014najlepszy rower gravelowy sta\u0142 si\u0119 jeszcze lepszy. Go\u0144 horyzont lub rywali\u2014\u015bwietnie robi jedno i drugie.<\/span><\/p>\n","protected":false},"featured_media":6014,"comment_status":"open","ping_status":"closed","template":"","meta":{"inline_featured_image":false},"product_cat":[76],"product_tag":[],"_links":{"self":[{"href":"https:\/\/amsports.pl\/index.php?rest_route=\/wp\/v2\/product\/6013"}],"collection":[{"href":"https:\/\/amsports.pl\/index.php?rest_route=\/wp\/v2\/product"}],"about":[{"href":"https:\/\/amsports.pl\/index.php?rest_route=\/wp\/v2\/types\/product"}],"replies":[{"embeddable":true,"href":"https:\/\/amsports.pl\/index.php?rest_route=%2Fwp%2Fv2%2Fcomments&post=6013"}],"wp:featuredmedia":[{"embeddable":true,"href":"https:\/\/amsports.pl\/index.php?rest_route=\/wp\/v2\/media\/6014"}],"wp:attachment":[{"href":"https:\/\/amsports.pl\/index.php?rest_route=%2Fwp%2Fv2%2Fmedia&parent=6013"}],"wp:term":[{"taxonomy":"product_cat","embeddable":true,"href":"https:\/\/amsports.pl\/index.php?rest_route=%2Fwp%2Fv2%2Fproduct_cat&post=6013"},{"taxonomy":"product_tag","embeddable":true,"href":"https:\/\/amsports.pl\/index.php?rest_route=%2Fwp%2Fv2%2Fproduct_tag&post=6013"}],"curies":[{"name":"wp","href":"https:\/\/api.w.org\/{rel}","templated":true}]}}