{"id":6060,"date":"2026-02-11T13:18:20","date_gmt":"2026-02-11T13:18:20","guid":{"rendered":"https:\/\/amsports.pl\/?post_type=product&#038;p=6060"},"modified":"2026-02-11T13:23:01","modified_gmt":"2026-02-11T13:23:01","slug":"specialized-shuffle-2-led-sapphire","status":"publish","type":"product","link":"https:\/\/amsports.pl\/?product=specialized-shuffle-2-led-sapphire","title":{"rendered":"SPECIALIZED SHUFFLE 2 LED  sapphire"},"content":{"rendered":"<p>W ramach naszego partnerstwa z Kr\u00f3lewskim Instytutem Technologicznym (KTH) i MIPS \u2013 udost\u0119pnili\u015bmy projekty CAD naszego kasku i zbadali\u015bmy plastyczne czaszki ma\u0142ych dzieci za pomoc\u0105 Metody Element\u00f3w Sko\u0144czonych (FEA). Poniewa\u017c g\u0142owy dzieci s\u0105 bardziej mi\u0119kkie i rosn\u0105, efektem tej wsp\u00f3\u0142pracy by\u0142o m.in. zastosowanie pianki o niskiej g\u0119sto\u015bci.<\/p>\n<ul>\n<li>\n<p class=\"sc-6660ae47-17 hktwbQ\">MIPS Essential Core.<\/p>\n<\/li>\n<li>\n<p class=\"sc-6660ae47-17 hktwbQ\">Wbudowana diodowa lampka tylna dla lepszej widoczno\u015bci, zar\u00f3wno w\u00a0warunkach dobrego, jak i\u00a0s\u0142abego o\u015bwietlenia.<\/p>\n<\/li>\n<li>\n<p class=\"sc-6660ae47-17 hktwbQ\">System dopasowania Headset SX oraz dzieci\u0119ce rozmiary dla \u0142atwego i\u00a0prawid\u0142owego zak\u0142adania.<\/p>\n<\/li>\n<li>\n<p class=\"sc-6660ae47-17 hktwbQ\">System ch\u0142odzenia 4th Dimension optymalizuje wentylacj\u0119.<\/p>\n<\/li>\n<li>\n<p class=\"sc-6660ae47-17 hktwbQ\">Formowana skorupa zwi\u0119ksza wytrzyma\u0142o\u015b\u0107 i\u00a0zmniejsza mas\u0119.<\/p>\n<\/li>\n<li>\n<p class=\"sc-6660ae47-17 hktwbQ\">Rozdzielacz pask\u00f3w Tri-Fix dla wi\u0119kszego komfortu i\u00a0\u0142atwo\u015bci regulacji.<\/p>\n<\/li>\n<li>\n<p class=\"sc-6660ae47-17 hktwbQ\">Stylowe, dzieci\u0119ce wzornictwo uzupe\u0142nia grafik\u0119 i\u00a0kolory naszych rower\u00f3w.<\/p>\n<\/li>\n<li>\n<p class=\"sc-6660ae47-17 hktwbQ\">Wpinany daszek w\u00a0zestawie.<\/p>\n<\/li>\n<li>\n<p class=\"sc-6660ae47-17 hktwbQ\">Uniwersalny rozmiar dzieci\u0119cy OSFM 49\u201355 cm dla dzieci do ok. 7 lat.<\/p>\n<\/li>\n<\/ul>\n","protected":false},"excerpt":{"rendered":"<p>Podaruj najm\u0142odszemu rowerzy\u015bcie wolno\u015b\u0107 dw\u00f3ch k\u00f3\u0142ek dzi\u0119ki zupe\u0142nie nowemu kaskowi Shuffle 2 LED.<\/p>\n","protected":false},"featured_media":6061,"comment_status":"open","ping_status":"closed","template":"","meta":{"inline_featured_image":false},"product_cat":[117,118],"product_tag":[],"_links":{"self":[{"href":"https:\/\/amsports.pl\/index.php?rest_route=\/wp\/v2\/product\/6060"}],"collection":[{"href":"https:\/\/amsports.pl\/index.php?rest_route=\/wp\/v2\/product"}],"about":[{"href":"https:\/\/amsports.pl\/index.php?rest_route=\/wp\/v2\/types\/product"}],"replies":[{"embeddable":true,"href":"https:\/\/amsports.pl\/index.php?rest_route=%2Fwp%2Fv2%2Fcomments&post=6060"}],"wp:featuredmedia":[{"embeddable":true,"href":"https:\/\/amsports.pl\/index.php?rest_route=\/wp\/v2\/media\/6061"}],"wp:attachment":[{"href":"https:\/\/amsports.pl\/index.php?rest_route=%2Fwp%2Fv2%2Fmedia&parent=6060"}],"wp:term":[{"taxonomy":"product_cat","embeddable":true,"href":"https:\/\/amsports.pl\/index.php?rest_route=%2Fwp%2Fv2%2Fproduct_cat&post=6060"},{"taxonomy":"product_tag","embeddable":true,"href":"https:\/\/amsports.pl\/index.php?rest_route=%2Fwp%2Fv2%2Fproduct_tag&post=6060"}],"curies":[{"name":"wp","href":"https:\/\/api.w.org\/{rel}","templated":true}]}}